GIF89a;
Direktori : /home/serb/access-logs/ |
Current File : /home/serb/access-logs/escortservice.org-ssl_log |
114.119.145.25 - - [25/Dec/2024:13:15:43 +0100] "GET /avtar/1463591814mini.php?path=//sys/dev/char/7:134/subsystem/vcs4/subsystem/vcs3/subsystem/vcs/subsystem/vcsa2 HTTP/1.1" 200 6012 "https://www.escortservice.org/avtar/1463591814mini.php?path=//sys/dev/char/7%3A134/subsystem/vcs4/subsystem/vcs3/subsystem/vcs/subsystem" "Mozilla/5.0 (Linux; Android 7.0;) AppleWebKit/537.36 (KHTML, like Gecko) Mobile Safari/537.36 (compatible; PetalBot;+https://webmaster.petalsearch.com/site/petalbot)"
114.119.134.116 - - [25/Dec/2024:13:15:43 +0100] "GET /avtar/1463591814mini.php?path=//sys/dev/char/5:0/subsystem/tty6/subsystem/tty5/subsystem/tty34/subsystem/tty41 HTTP/1.1" 200 6000 "https://www.escortservice.org/avtar/1463591814mini.php?path=//sys/dev/char/5%3A0/subsystem/tty6/subsystem/tty5/subsystem/tty34/subsystem" "Mozilla/5.0 (Linux; Android 7.0;) AppleWebKit/537.36 (KHTML, like Gecko) Mobile Safari/537.36 (compatible; PetalBot;+https://webmaster.petalsearch.com/site/petalbot)"
51.222.253.3 - - [25/Dec/2024:13:18:43 +0100] "GET /robots.txt HTTP/1.1" 200 53 "-" "Mozilla/5.0 (compatible; AhrefsBot/7.0; +http://ahrefs.com/robot/)"
51.222.253.14 - - [25/Dec/2024:13:18:44 +0100] "GET / HTTP/1.1" 200 55 "-" "Mozilla/5.0 (compatible; AhrefsBot/7.0; +http://ahrefs.com/robot/)"
114.119.134.159 - - [25/Dec/2024:13:20:44 +0100] "GET /avtar/1463591814mini.php?path=//sys/dev/char/7:133/subsystem/vcsa1/subsystem/vcsa/subsystem/vcsa3/subsystem/vcs1 HTTP/1.1" 200 6054 "https://www.escortservice.org/avtar/1463591814mini.php?path=//sys/dev/char/7%3A133/subsystem/vcsa1/subsystem/vcsa/subsystem/vcsa3/subsystem" "Mozilla/5.0 (Linux; Android 7.0;) AppleWebKit/537.36 (KHTML, like Gecko) Mobile Safari/537.36 (compatible; PetalBot;+https://webmaster.petalsearch.com/site/petalbot)"
114.119.141.27 - - [25/Dec/2024:13:20:46 +0100] "GET /avtar/1463591814mini.php?path=//sys/dev/char/5:0/subsystem/tty57/subsystem/tty46/subsystem/tty6/subsystem/tty60/power HTTP/1.1" 200 11621 "https://www.escortservice.org/avtar/1463591814mini.php?path=//sys/dev/char/5%3A0/subsystem/tty57/subsystem/tty46/subsystem/tty6/subsystem/tty60" "Mozilla/5.0 (Linux; Android 7.0;) AppleWebKit/537.36 (KHTML, like Gecko) Mobile Safari/537.36 (compatible; PetalBot;+https://webmaster.petalsearch.com/site/petalbot)"
66.249.66.68 - - [25/Dec/2024:13:24:46 +0100] "GET /avtar/1436609992carol%20&%20chesca01.jpg HTTP/1.1" 200 168628 "-" "Googlebot-Image/1.0"
114.119.133.116 - - [25/Dec/2024:13:25:40 +0100] "GET /avtar/1463591814mini.php?path=//sys/dev/char/5:0/subsystem/tty57/subsystem/tty26/subsystem/ttyS2/subsystem/tty55/power HTTP/1.1" 200 11662 "https://www.escortservice.org/avtar/1463591814mini.php?path=//sys/dev/char/5%3A0/subsystem/tty57/subsystem/tty26/subsystem/ttyS2/subsystem/tty55" "Mozilla/5.0 (Linux; Android 7.0;) AppleWebKit/537.36 (KHTML, like Gecko) Mobile Safari/537.36 (compatible; PetalBot;+https://webmaster.petalsearch.com/site/petalbot)"
114.119.134.116 - - [25/Dec/2024:13:25:40 +0100] "GET /avtar/1463591814mini.php?path=//sys/dev/char/7:133/subsystem/vcsa1/subsystem/vcsa/subsystem/vcsa/power HTTP/1.1" 200 10864 "https://www.escortservice.org/avtar/1463591814mini.php?path=//sys/dev/char/7%3A133/subsystem/vcsa1/subsystem/vcsa/subsystem/vcsa" "Mozilla/5.0 (Linux; Android 7.0;) AppleWebKit/537.36 (KHTML, like Gecko) Mobile Safari/537.36 (compatible; PetalBot;+https://webmaster.petalsearch.com/site/petalbot)"
114.119.142.156 - - [25/Dec/2024:13:30:41 +0100] "GET /avtar/1463591814mini.php?path=//sys/dev/char/7:133/subsystem/vcs2/subsystem/vcsa4/subsystem/vcs6/subsystem/vcs1/power HTTP/1.1" 200 11631 "https://www.escortservice.org/avtar/1463591814mini.php?path=//sys/dev/char/7%3A133/subsystem/vcs2/subsystem/vcsa4/subsystem/vcs6/subsystem/vcs1" "Mozilla/5.0 (Linux; Android 7.0;) AppleWebKit/537.36 (KHTML, like Gecko) Mobile Safari/537.36 (compatible; PetalBot;+https://webmaster.petalsearch.com/site/petalbot)"
114.119.142.156 - - [25/Dec/2024:13:30:43 +0100] "GET /avtar/1463591814mini.php?path=//sys/dev/char/5:0/subsystem/tty52/subsystem/tty63/subsystem/tty30/subsystem/tty51 HTTP/1.1" 200 6042 "https://www.escortservice.org/avtar/1463591814mini.php?path=//sys/dev/char/5%3A0/subsystem/tty52/subsystem/tty63/subsystem/tty30/subsystem" "Mozilla/5.0 (Linux; Android 7.0;) AppleWebKit/537.36 (KHTML, like Gecko) Mobile Safari/537.36 (compatible; PetalBot;+https://webmaster.petalsearch.com/site/petalbot)"
114.119.134.116 - - [25/Dec/2024:13:35:41 +0100] "GET /avtar/1463591814mini.php?path=//sys/dev/char/7:0/subsystem/vcsa3/subsystem/vcs1/subsystem/vcs5/subsystem/vcs2/power HTTP/1.1" 200 11539 "https://www.escortservice.org/avtar/1463591814mini.php?path=//sys/dev/char/7%3A0/subsystem/vcsa3/subsystem/vcs1/subsystem/vcs5/subsystem/vcs2" "Mozilla/5.0 (Linux; Android 7.0;) AppleWebKit/537.36 (KHTML, like Gecko) Mobile Safari/537.36 (compatible; PetalBot;+https://webmaster.petalsearch.com/site/petalbot)"
114.119.145.25 - - [25/Dec/2024:13:35:42 +0100] "GET /avtar/1463591814mini.php?path=//sys/dev/char/7:133/subsystem/vcsa1/subsystem/vcsa3/subsystem/vcsa5/subsystem/vcs6 HTTP/1.1" 200 6074 "https://www.escortservice.org/avtar/1463591814mini.php?path=//sys/dev/char/7%3A133/subsystem/vcsa1/subsystem/vcsa3/subsystem/vcsa5/subsystem" "Mozilla/5.0 (Linux; Android 7.0;) AppleWebKit/537.36 (KHTML, like Gecko) Mobile Safari/537.36 (compatible; PetalBot;+https://webmaster.petalsearch.com/site/petalbot)"
114.119.134.159 - - [25/Dec/2024:13:40:42 +0100] "GET /avtar/1463591814mini.php?path=//sys/dev/char/5:0/subsystem/ttyS2/subsystem/tty38/subsystem/tty54/subsystem/tty22 HTTP/1.1" 200 6042 "https://www.escortservice.org/avtar/1463591814mini.php?path=//sys/dev/char/5%3A0/subsystem/ttyS2/subsystem/tty38/subsystem/tty54/subsystem" "Mozilla/5.0 (Linux; Android 7.0;) AppleWebKit/537.36 (KHTML, like Gecko) Mobile Safari/537.36 (compatible; PetalBot;+https://webmaster.petalsearch.com/site/petalbot)"
114.119.134.159 - - [25/Dec/2024:13:40:43 +0100] "GET /avtar/1463591814mini.php?path=//sys/dev/char/7:0/subsystem/vcs/subsystem/vcsa/subsystem/vcsa6/subsystem/vcsa2 HTTP/1.1" 200 5978 "https://www.escortservice.org/avtar/1463591814mini.php?path=//sys/dev/char/7%3A0/subsystem/vcs/subsystem/vcsa/subsystem/vcsa6/subsystem" "Mozilla/5.0 (Linux; Android 7.0;) AppleWebKit/537.36 (KHTML, like Gecko) Mobile Safari/537.36 (compatible; PetalBot;+https://webmaster.petalsearch.com/site/petalbot)"
114.119.130.255 - - [25/Dec/2024:13:45:41 +0100] "GET /avtar/1463591814mini.php?path=//sys/dev/char/7:0/subsystem/vcs/subsystem/vcs4/subsystem/vcsa/subsystem HTTP/1.1" 200 13253 "https://www.escortservice.org/avtar/1463591814mini.php?path=//sys/dev/char/7%3A0/subsystem/vcs/subsystem/vcs4/subsystem/vcsa/subsystem/vcs5/power" "Mozilla/5.0 (Linux; Android 7.0;) AppleWebKit/537.36 (KHTML, like Gecko) Mobile Safari/537.36 (compatible; PetalBot;+https://webmaster.petalsearch.com/site/petalbot)"
114.119.145.25 - - [25/Dec/2024:13:45:41 +0100] "GET /avtar/1463591814mini.php?path=//sys/dev/char/5:0/subsystem/ttyS1/subsystem/tty49/subsystem/tty22/subsystem/ttyS2/device/tty HTTP/1.1" 200 6137 "https://www.escortservice.org/avtar/1463591814mini.php?path=//sys/dev/char/5%3A0/subsystem/ttyS1/subsystem/tty49/subsystem/tty22/subsystem/ttyS2/device" "Mozilla/5.0 (Linux; Android 7.0;) AppleWebKit/537.36 (KHTML, like Gecko) Mobile Safari/537.36 (compatible; PetalBot;+https://webmaster.petalsearch.com/site/petalbot)"
114.119.141.27 - - [25/Dec/2024:13:50:42 +0100] "GET /avtar/1463591814mini.php?path=//sys/dev/char/5:0/subsystem/ttyS2/subsystem/tty53/subsystem/tty33/subsystem HTTP/1.1" 200 58408 "https://www.escortservice.org/avtar/1463591814mini.php?path=//sys/dev/char/5%3A0/subsystem/ttyS2/subsystem/tty53/subsystem/tty33/subsystem/tty34/power" "Mozilla/5.0 (Linux; Android 7.0;) AppleWebKit/537.36 (KHTML, like Gecko) Mobile Safari/537.36 (compatible; PetalBot;+https://webmaster.petalsearch.com/site/petalbot)"
114.119.143.68 - - [25/Dec/2024:13:50:42 +0100] "GET /avtar/1463591814mini.php?path=//sys/dev/char/5:0/subsystem/ttyS1/subsystem/tty13/subsystem/tty19/subsystem/tty55 HTTP/1.1" 200 6042 "https://www.escortservice.org/avtar/1463591814mini.php?path=//sys/dev/char/5%3A0/subsystem/ttyS1/subsystem/tty13/subsystem/tty19/subsystem/tty55" "Mozilla/5.0 (Linux; Android 7.0;) AppleWebKit/537.36 (KHTML, like Gecko) Mobile Safari/537.36 (compatible; PetalBot;+https://webmaster.petalsearch.com/site/petalbot)"
66.249.66.66 - - [25/Dec/2024:13:53:30 +0100] "GET /avtar/1435641419carol&miyuki03.jpg HTTP/1.1" 200 411082 "-" "Googlebot-Image/1.0"
114.119.133.116 - - [25/Dec/2024:13:55:44 +0100] "GET /avtar/1463591814mini.php?path=//sys/dev/char/5:0/subsystem/ttyS2/subsystem/tty27/subsystem/tty12/subsystem/ttyS0/device/tty HTTP/1.1" 200 6137 "https://www.escortservice.org/avtar/1463591814mini.php?path=//sys/dev/char/5%3A0/subsystem/ttyS2/subsystem/tty27/subsystem/tty12/subsystem/ttyS0/device/tty/ttyS1/power" "Mozilla/5.0 (Linux; Android 7.0;) AppleWebKit/537.36 (KHTML, like Gecko) Mobile Safari/537.36 (compatible; PetalBot;+https://webmaster.petalsearch.com/site/petalbot)"
114.119.130.255 - - [25/Dec/2024:13:55:45 +0100] "GET /avtar/1463591814mini.php?path=//sys/dev/char/5:0/subsystem/tty6/subsystem/tty24/subsystem/tty17/subsystem/tty13 HTTP/1.1" 200 6020 "https://www.escortservice.org/avtar/1463591814mini.php?path=//sys/dev/char/5%3A0/subsystem/tty6/subsystem/tty24/subsystem/tty17/subsystem" "Mozilla/5.0 (Linux; Android 7.0;) AppleWebKit/537.36 (KHTML, like Gecko) Mobile Safari/537.36 (compatible; PetalBot;+https://webmaster.petalsearch.com/site/petalbot)"
114.119.134.116 - - [25/Dec/2024:14:00:42 +0100] "GET /avtar/1463591814mini.php?path=//sys/dev/char/5:0/subsystem/tty57/subsystem/ttyS1/device/tty/ttyS2/subsystem/tty60/subsystem/tty49 HTTP/1.1" 200 6613 "https://www.escortservice.org/avtar/1463591814mini.php?path=//sys/dev/char/5%3A0/subsystem/tty57/subsystem/ttyS1/device/tty/ttyS2/subsystem/tty60/subsystem" "Mozilla/5.0 (Linux; Android 7.0;) AppleWebKit/537.36 (KHTML, like Gecko) Mobile Safari/537.36 (compatible; PetalBot;+https://webmaster.petalsearch.com/site/petalbot)"
114.119.130.255 - - [25/Dec/2024:14:00:42 +0100] "GET /avtar/1463591814mini.php?path=//sys/dev/char/5:0/subsystem/ttyS2/subsystem/tty11/subsystem/tty25/subsystem/tty35 HTTP/1.1" 200 6042 "https://www.escortservice.org/avtar/1463591814mini.php?path=//sys/dev/char/5%3A0/subsystem/ttyS2/subsystem/tty11/subsystem/tty25/subsystem" "Mozilla/5.0 (Linux; Android 7.0;) AppleWebKit/537.36 (KHTML, like Gecko) Mobile Safari/537.36 (compatible; PetalBot;+https://webmaster.petalsearch.com/site/petalbot)"
114.119.143.68 - - [25/Dec/2024:14:05:44 +0100] "GET /avtar/1463591814mini.php?path=//sys/dev/char/5:0/subsystem/tty57/subsystem/tty26/subsystem/ptmx/subsystem/tty25 HTTP/1.1" 200 6024 "https://www.escortservice.org/avtar/1463591814mini.php?path=//sys/dev/char/5%3A0/subsystem/tty57/subsystem/tty26/subsystem/ptmx/subsystem" "Mozilla/5.0 (Linux; Android 7.0;) AppleWebKit/537.36 (KHTML, like Gecko) Mobile Safari/537.36 (compatible; PetalBot;+https://webmaster.petalsearch.com/site/petalbot)"
114.119.130.255 - - [25/Dec/2024:14:05:45 +0100] "GET /avtar/1463591814mini.php?path=//sys/dev/char/5:0/subsystem/ttyS1/subsystem/ttyS0/subsystem/tty7/subsystem/tty19/power HTTP/1.1" 200 11621 "https://www.escortservice.org/avtar/1463591814mini.php?path=//sys/dev/char/5%3A0/subsystem/ttyS1/subsystem/ttyS0/subsystem/tty7/subsystem/tty19" "Mozilla/5.0 (Linux; Android 7.0;) AppleWebKit/537.36 (KHTML, like Gecko) Mobile Safari/537.36 (compatible; PetalBot;+https://webmaster.petalsearch.com/site/petalbot)"
114.119.134.159 - - [25/Dec/2024:14:10:41 +0100] "GET /avtar/1463591814mini.php?path=//sys/dev/char/5:0/subsystem/ttyS2/subsystem/tty26/subsystem/tty29/subsystem/tty60/power HTTP/1.1" 200 11662 "https://www.escortservice.org/avtar/1463591814mini.php?path=//sys/dev/char/5%3A0/subsystem/ttyS2/subsystem/tty26/subsystem/tty29/subsystem/tty60" "Mozilla/5.0 (Linux; Android 7.0;) AppleWebKit/537.36 (KHTML, like Gecko) Mobile Safari/537.36 (compatible; PetalBot;+https://webmaster.petalsearch.com/site/petalbot)"
114.119.133.116 - - [25/Dec/2024:14:10:42 +0100] "GET /avtar/1463591814mini.php?path=//sys/dev/char/5:0/subsystem/tty57/subsystem/tty13/subsystem/tty59/subsystem/tty45 HTTP/1.1" 200 6042 "https://www.escortservice.org/avtar/1463591814mini.php?path=//sys/dev/char/5%3A0/subsystem/tty57/subsystem/tty13/subsystem/tty59/subsystem" "Mozilla/5.0 (Linux; Android 7.0;) AppleWebKit/537.36 (KHTML, like Gecko) Mobile Safari/537.36 (compatible; PetalBot;+https://webmaster.petalsearch.com/site/petalbot)"
114.119.142.156 - - [25/Dec/2024:14:15:42 +0100] "GET /avtar/1463591814mini.php?path=//sys/dev/char/5:0/subsystem/tty32/subsystem/tty50/subsystem/tty39 HTTP/1.1" 200 5602 "https://www.escortservice.org/avtar/1463591814mini.php?path=//sys/dev/char/5%3A0/subsystem/tty32/subsystem/tty50/subsystem" "Mozilla/5.0 (Linux; Android 7.0;) AppleWebKit/537.36 (KHTML, like Gecko) Mobile Safari/537.36 (compatible; PetalBot;+https://webmaster.petalsearch.com/site/petalbot)"
114.119.133.116 - - [25/Dec/2024:14:15:51 +0100] "GET /avtar/1463591814mini.php?path=//sys/dev/char/5:0/subsystem/ttyS1/subsystem/ttyS0/subsystem/tty41/subsystem/tty20 HTTP/1.1" 200 6042 "https://www.escortservice.org/avtar/1463591814mini.php?path=//sys/dev/char/5%3A0/subsystem/ttyS1/subsystem/ttyS0/subsystem/tty41/subsystem" "Mozilla/5.0 (Linux; Android 7.0;) AppleWebKit/537.36 (KHTML, like Gecko) Mobile Safari/537.36 (compatible; PetalBot;+https://webmaster.petalsearch.com/site/petalbot)"
114.119.142.156 - - [25/Dec/2024:14:20:42 +0100] "GET /avtar/1463591814mini.php?path=//sys/dev/char/5:0/subsystem/tty32/subsystem/console/subsystem/tty41/subsystem/tty5 HTTP/1.1" 200 6066 "https://www.escortservice.org/avtar/1463591814mini.php?path=//sys/dev/char/5%3A0/subsystem/tty32/subsystem/console/subsystem/tty41/subsystem" "Mozilla/5.0 (Linux; Android 7.0;) AppleWebKit/537.36 (KHTML, like Gecko) Mobile Safari/537.36 (compatible; PetalBot;+https://webmaster.petalsearch.com/site/petalbot)"
114.119.142.156 - - [25/Dec/2024:14:20:48 +0100] "GET /avtar/1463591814mini.php?path=//sys/dev/char/5:0/subsystem/ttyS1/subsystem/ttyS0/subsystem/tty34/subsystem/tty19 HTTP/1.1" 200 6042 "https://www.escortservice.org/avtar/1463591814mini.php?path=//sys/dev/char/5%3A0/subsystem/ttyS1/subsystem/ttyS0/subsystem/tty34/subsystem" "Mozilla/5.0 (Linux; Android 7.0;) AppleWebKit/537.36 (KHTML, like Gecko) Mobile Safari/537.36 (compatible; PetalBot;+https://webmaster.petalsearch.com/site/petalbot)"
66.249.66.68 - - [25/Dec/2024:14:22:14 +0100] "GET /avtar/1446734378Victoria.jpg HTTP/1.1" 200 134371 "-" "Googlebot-Image/1.0"
114.119.142.156 - - [25/Dec/2024:14:25:43 +0100] "GET /avtar/1463591814mini.php?path=//sys/dev/char/5:0/subsystem/tty13/subsystem/tty62/subsystem/tty29 HTTP/1.1" 200 5602 "https://www.escortservice.org/avtar/1463591814mini.php?path=//sys/dev/char/5%3A0/subsystem/tty13/subsystem/tty62/subsystem" "Mozilla/5.0 (Linux; Android 7.0;) AppleWebKit/537.36 (KHTML, like Gecko) Mobile Safari/537.36 (compatible; PetalBot;+https://webmaster.petalsearch.com/site/petalbot)"
114.119.133.116 - - [25/Dec/2024:14:25:44 +0100] "GET /avtar/1463591814mini.php?path=//sys/dev/char/5:0/subsystem/ttyS1/subsystem/tty62/subsystem/tty15/subsystem/tty59 HTTP/1.1" 200 6042 "https://www.escortservice.org/avtar/1463591814mini.php?path=//sys/dev/char/5%3A0/subsystem/ttyS1/subsystem/tty62/subsystem/tty15/subsystem" "Mozilla/5.0 (Linux; Android 7.0;) AppleWebKit/537.36 (KHTML, like Gecko) Mobile Safari/537.36 (compatible; PetalBot;+https://webmaster.petalsearch.com/site/petalbot)"
114.119.130.255 - - [25/Dec/2024:14:30:44 +0100] "GET /avtar/1463591814mini.php?path=//sys/dev/char/5:0/subsystem/ttyS1/subsystem/tty50/subsystem/tty44/subsystem/tty55 HTTP/1.1" 200 6042 "https://www.escortservice.org/avtar/1463591814mini.php?path=//sys/dev/char/5%3A0/subsystem/ttyS1/subsystem/tty50/subsystem/tty44/subsystem" "Mozilla/5.0 (Linux; Android 7.0;) AppleWebKit/537.36 (KHTML, like Gecko) Mobile Safari/537.36 (compatible; PetalBot;+https://webmaster.petalsearch.com/site/petalbot)"
114.119.134.159 - - [25/Dec/2024:14:30:46 +0100] "GET /avtar/1463591814mini.php?path=//sys/dev/char/5:0/subsystem/tty13/subsystem/tty20/subsystem/tty25/subsystem/ttyS3/device HTTP/1.1" 200 7929 "https://www.escortservice.org/avtar/1463591814mini.php?path=//sys/dev/char/5%3A0/subsystem/tty13/subsystem/tty20/subsystem/tty25/subsystem/ttyS3" "Mozilla/5.0 (Linux; Android 7.0;) AppleWebKit/537.36 (KHTML, like Gecko) Mobile Safari/537.36 (compatible; PetalBot;+https://webmaster.petalsearch.com/site/petalbot)"
114.119.141.27 - - [25/Dec/2024:14:35:43 +0100] "GET /avtar/1463591814mini.php?path=//sys/dev/char/5:0/subsystem/ttyS1/subsystem/tty50/subsystem/tty3/subsystem/tty14 HTTP/1.1" 200 6024 "https://www.escortservice.org/avtar/1463591814mini.php?path=//sys/dev/char/5%3A0/subsystem/ttyS1/subsystem/tty50/subsystem/tty3/subsystem/tty14" "Mozilla/5.0 (Linux; Android 7.0;) AppleWebKit/537.36 (KHTML, like Gecko) Mobile Safari/537.36 (compatible; PetalBot;+https://webmaster.petalsearch.com/site/petalbot)"
114.119.145.25 - - [25/Dec/2024:14:35:44 +0100] "GET /avtar/1463591814mini.php?path=//sys/dev/char/5:0/subsystem/tty13/subsystem/tty17/subsystem/tty10/subsystem/tty3 HTTP/1.1" 200 6026 "https://www.escortservice.org/avtar/1463591814mini.php?path=//sys/dev/char/5%3A0/subsystem/tty13/subsystem/tty17/subsystem/tty10/subsystem" "Mozilla/5.0 (Linux; Android 7.0;) AppleWebKit/537.36 (KHTML, like Gecko) Mobile Safari/537.36 (compatible; PetalBot;+https://webmaster.petalsearch.com/site/petalbot)"
114.119.145.25 - - [25/Dec/2024:14:40:44 +0100] "GET /avtar/1463591814mini.php?path=//sys/dev/char/4:9/subsystem/ttyS3/subsystem/tty16/subsystem/tty47/subsystem/ttyS0/device/power HTTP/1.1" 200 12038 "https://www.escortservice.org/avtar/1463591814mini.php?path=//sys/dev/char/4%3A9/subsystem/ttyS3/subsystem/tty16/subsystem/tty47/subsystem/ttyS0/device" "Mozilla/5.0 (Linux; Android 7.0;) AppleWebKit/537.36 (KHTML, like Gecko) Mobile Safari/537.36 (compatible; PetalBot;+https://webmaster.petalsearch.com/site/petalbot)"
114.119.134.159 - - [25/Dec/2024:14:40:47 +0100] "GET /avtar/1463591814mini.php?path=//sys/dev/char/5:0/subsystem/ttyS1/subsystem/tty49/subsystem/tty45/subsystem/tty57 HTTP/1.1" 200 6042 "https://www.escortservice.org/avtar/1463591814mini.php?path=//sys/dev/char/5%3A0/subsystem/ttyS1/subsystem/tty49/subsystem/tty45/subsystem" "Mozilla/5.0 (Linux; Android 7.0;) AppleWebKit/537.36 (KHTML, like Gecko) Mobile Safari/537.36 (compatible; PetalBot;+https://webmaster.petalsearch.com/site/petalbot)"
114.119.141.27 - - [25/Dec/2024:14:45:43 +0100] "GET /avtar/1463591814mini.php?path=//sys/dev/char/5:0/subsystem/ttyS1/subsystem/tty24/subsystem/ttyS0/subsystem HTTP/1.1" 200 58408 "https://www.escortservice.org/avtar/1463591814mini.php?path=//sys/dev/char/5%3A0/subsystem/ttyS1/subsystem/tty24/subsystem/ttyS0/subsystem/tty14" "Mozilla/5.0 (Linux; Android 7.0;) AppleWebKit/537.36 (KHTML, like Gecko) Mobile Safari/537.36 (compatible; PetalBot;+https://webmaster.petalsearch.com/site/petalbot)"
114.119.142.156 - - [25/Dec/2024:14:45:44 +0100] "GET /avtar/1463591814mini.php?path=//sys/dev/char/4:9/subsystem/ttyS3/subsystem/tty16/subsystem/tty44/subsystem/tty54 HTTP/1.1" 200 6042 "https://www.escortservice.org/avtar/1463591814mini.php?path=//sys/dev/char/4%3A9/subsystem/ttyS3/subsystem/tty16/subsystem/tty44/subsystem" "Mozilla/5.0 (Linux; Android 7.0;) AppleWebKit/537.36 (KHTML, like Gecko) Mobile Safari/537.36 (compatible; PetalBot;+https://webmaster.petalsearch.com/site/petalbot)"
114.119.134.116 - - [25/Dec/2024:14:50:46 +0100] "GET /avtar/1463591814mini.php?path=//sys/dev/char/4:9/subsystem/ttyS3/subsystem/tty16/subsystem/tty27/subsystem/console HTTP/1.1" 200 7023 "https://www.escortservice.org/avtar/1463591814mini.php?path=//sys/dev/char/4%3A9/subsystem/ttyS3/subsystem/tty16/subsystem/tty27/subsystem" "Mozilla/5.0 (Linux; Android 7.0;) AppleWebKit/537.36 (KHTML, like Gecko) Mobile Safari/537.36 (compatible; PetalBot;+https://webmaster.petalsearch.com/site/petalbot)"
114.119.143.68 - - [25/Dec/2024:14:50:47 +0100] "GET /avtar/1463591814mini.php?path=//sys/dev/char/5:0/subsystem/ttyS1/subsystem/tty23/subsystem/tty45/subsystem/tty28 HTTP/1.1" 200 6042 "https://www.escortservice.org/avtar/1463591814mini.php?path=//sys/dev/char/5%3A0/subsystem/ttyS1/subsystem/tty23/subsystem/tty45/subsystem/tty28/power" "Mozilla/5.0 (Linux; Android 7.0;) AppleWebKit/537.36 (KHTML, like Gecko) Mobile Safari/537.36 (compatible; PetalBot;+https://webmaster.petalsearch.com/site/petalbot)"
66.249.66.66 - - [25/Dec/2024:14:50:57 +0100] "GET /avtar/143383494520150608_073731.jpg HTTP/1.1" 200 979529 "-" "Googlebot-Image/1.0"
114.119.134.159 - - [25/Dec/2024:14:55:43 +0100] "GET /avtar/1463591814mini.php?path=//sys/dev/char/5:0/subsystem/ttyS1/subsystem/tty13/subsystem/tty38/subsystem/tty62 HTTP/1.1" 200 6042 "https://www.escortservice.org/avtar/1463591814mini.php?path=//sys/dev/char/5%3A0/subsystem/ttyS1/subsystem/tty13/subsystem/tty38/subsystem/tty62/power" "Mozilla/5.0 (Linux; Android 7.0;) AppleWebKit/537.36 (KHTML, like Gecko) Mobile Safari/537.36 (compatible; PetalBot;+https://webmaster.petalsearch.com/site/petalbot)"
114.119.134.159 - - [25/Dec/2024:14:55:43 +0100] "GET /avtar/1463591814mini.php?path=//sys/dev/char/7:0/subsystem/vcsa6/subsystem/vcs3/subsystem/vcsa/power HTTP/1.1" 200 10774 "https://www.escortservice.org/avtar/1463591814mini.php?path=//sys/dev/char/7%3A0/subsystem/vcsa6/subsystem/vcs3/subsystem/vcsa" "Mozilla/5.0 (Linux; Android 7.0;) AppleWebKit/537.36 (KHTML, like Gecko) Mobile Safari/537.36 (compatible; PetalBot;+https://webmaster.petalsearch.com/site/petalbot)"
114.119.130.255 - - [25/Dec/2024:15:00:44 +0100] "GET /avtar/1463591814mini.php?path=//sys/dev/char/5:0/subsystem/ttyS1/subsystem/tty10/subsystem/tty54/subsystem/tty23 HTTP/1.1" 200 6042 "https://www.escortservice.org/avtar/1463591814mini.php?path=//sys/dev/char/5%3A0/subsystem/ttyS1/subsystem/tty10/subsystem/tty54/subsystem" "Mozilla/5.0 (Linux; Android 7.0;) AppleWebKit/537.36 (KHTML, like Gecko) Mobile Safari/537.36 (compatible; PetalBot;+https://webmaster.petalsearch.com/site/petalbot)"
114.119.130.255 - - [25/Dec/2024:15:00:45 +0100] "GET /avtar/1463591814mini.php?path=//sys/dev/char/5:0/subsystem/ttyS2/subsystem/tty26/subsystem/tty48/subsystem/console/power HTTP/1.1" 200 11740 "https://www.escortservice.org/avtar/1463591814mini.php?path=//sys/dev/char/5%3A0/subsystem/ttyS2/subsystem/tty26/subsystem/tty48/subsystem/console" "Mozilla/5.0 (Linux; Android 7.0;) AppleWebKit/537.36 (KHTML, like Gecko) Mobile Safari/537.36 (compatible; PetalBot;+https://webmaster.petalsearch.com/site/petalbot)"
114.119.142.156 - - [25/Dec/2024:15:05:44 +0100] "GET /avtar/1463591814mini.php?path=//sys/dev/char/5:0/subsystem/ttyS0/subsystem/tty7/subsystem/tty55/subsystem/tty11 HTTP/1.1" 200 6022 "https://www.escortservice.org/avtar/1463591814mini.php?path=//sys/dev/char/5%3A0/subsystem/ttyS0/subsystem/tty7/subsystem/tty55/subsystem" "Mozilla/5.0 (Linux; Android 7.0;) AppleWebKit/537.36 (KHTML, like Gecko) Mobile Safari/537.36 (compatible; PetalBot;+https://webmaster.petalsearch.com/site/petalbot)"
114.119.133.116 - - [25/Dec/2024:15:05:46 +0100] "GET /avtar/1463591814mini.php?path=//sys/dev/char/5:0/subsystem/ttyS1/subsystem/ttyS2/subsystem/tty42/subsystem/tty1/power HTTP/1.1" 200 11623 "https://www.escortservice.org/avtar/1463591814mini.php?path=//sys/dev/char/5%3A0/subsystem/ttyS1/subsystem/ttyS2/subsystem/tty42/subsystem/tty1" "Mozilla/5.0 (Linux; Android 7.0;) AppleWebKit/537.36 (KHTML, like Gecko) Mobile Safari/537.36 (compatible; PetalBot;+https://webmaster.petalsearch.com/site/petalbot)"
114.119.134.159 - - [25/Dec/2024:15:10:45 +0100] "GET /avtar/1463591814mini.php?path=//sys/dev/char/5:0/subsystem/ttyS1/subsystem/tty13/subsystem/tty19/subsystem/tty5 HTTP/1.1" 200 6026 "https://www.escortservice.org/avtar/1463591814mini.php?path=//sys/dev/char/5%3A0/subsystem/ttyS1/subsystem/tty13/subsystem/tty19/subsystem/tty5" "Mozilla/5.0 (Linux; Android 7.0;) AppleWebKit/537.36 (KHTML, like Gecko) Mobile Safari/537.36 (compatible; PetalBot;+https://webmaster.petalsearch.com/site/petalbot)"
114.119.142.156 - - [25/Dec/2024:15:10:45 +0100] "GET /avtar/1463591814mini.php?path=//sys/dev/char/5:0/subsystem/ttyS0/subsystem/tty7/subsystem/tty0/subsystem/tty27 HTTP/1.1" 200 6004 "https://www.escortservice.org/avtar/1463591814mini.php?path=//sys/dev/char/5%3A0/subsystem/ttyS0/subsystem/tty7/subsystem/tty0/subsystem/tty27/power" "Mozilla/5.0 (Linux; Android 7.0;) AppleWebKit/537.36 (KHTML, like Gecko) Mobile Safari/537.36 (compatible; PetalBot;+https://webmaster.petalsearch.com/site/petalbot)"
114.119.143.68 - - [25/Dec/2024:15:15:43 +0100] "GET /avtar/1463591814mini.php?path=//sys/dev/char/5:0/subsystem/ttyS0/subsystem/tty59/subsystem/tty26/subsystem/tty10 HTTP/1.1" 200 6042 "https://www.escortservice.org/avtar/1463591814mini.php?path=//sys/dev/char/5%3A0/subsystem/ttyS0/subsystem/tty59/subsystem/tty26/subsystem" "Mozilla/5.0 (Linux; Android 7.0;) AppleWebKit/537.36 (KHTML, like Gecko) Mobile Safari/537.36 (compatible; PetalBot;+https://webmaster.petalsearch.com/site/petalbot)"
114.119.134.116 - - [25/Dec/2024:15:15:44 +0100] "GET /avtar/1463591814mini.php?path=//sys/dev/char/5:0/subsystem/tty62/subsystem/tty63/subsystem/tty4 HTTP/1.1" 200 5586 "https://www.escortservice.org/avtar/1463591814mini.php?path=//sys/dev/char/5%3A0/subsystem/tty62/subsystem/tty63/subsystem" "Mozilla/5.0 (Linux; Android 7.0;) AppleWebKit/537.36 (KHTML, like Gecko) Mobile Safari/537.36 (compatible; PetalBot;+https://webmaster.petalsearch.com/site/petalbot)"
66.249.66.66 - - [25/Dec/2024:15:15:45 +0100] "GET /ads.txt HTTP/1.1" 404 - "-" "Mozilla/5.0 (compatible; Googlebot/2.1; +http://www.google.com/bot.html)"
66.249.66.38 - - [25/Dec/2024:15:15:45 +0100] "GET /robots.txt HTTP/1.1" 301 247 "-" "Mozilla/5.0 (compatible; Googlebot/2.1; +http://www.google.com/bot.html)"
66.249.66.38 - - [25/Dec/2024:15:15:47 +0100] "GET /ads.txt HTTP/1.1" 301 244 "-" "Mozilla/5.0 (compatible; Googlebot/2.1; +http://www.google.com/bot.html)"
66.249.66.67 - - [25/Dec/2024:15:19:41 +0100] "GET /avtar/1468343778-(55).jpg HTTP/1.1" 200 381013 "-" "Googlebot-Image/1.0"
114.119.134.159 - - [25/Dec/2024:15:20:44 +0100] "GET /avtar/1463591814mini.php?path=//sys/dev/char/5:0/subsystem/ttyS0/subsystem/tty58/subsystem/tty37/subsystem/tty16 HTTP/1.1" 200 6042 "https://www.escortservice.org/avtar/1463591814mini.php?path=//sys/dev/char/5%3A0/subsystem/ttyS0/subsystem/tty58/subsystem/tty37/subsystem/tty16/power" "Mozilla/5.0 (Linux; Android 7.0;) AppleWebKit/537.36 (KHTML, like Gecko) Mobile Safari/537.36 (compatible; PetalBot;+https://webmaster.petalsearch.com/site/petalbot)"
114.119.142.156 - - [25/Dec/2024:15:20:45 +0100] "GET /avtar/1463591814mini.php?path=//sys/dev/char/5:0/subsystem/tty6/subsystem/tty21/subsystem/tty9/subsystem/ttyS2/device/driver/serial8250/power HTTP/1.1" 200 12875 "https://www.escortservice.org/avtar/1463591814mini.php?path=//sys/dev/char/5%3A0/subsystem/tty6/subsystem/tty21/subsystem/tty9/subsystem/ttyS2/device/driver/serial8250" "Mozilla/5.0 (Linux; Android 7.0;) AppleWebKit/537.36 (KHTML, like Gecko) Mobile Safari/537.36 (compatible; PetalBot;+https://webmaster.petalsearch.com/site/petalbot)"
114.119.130.255 - - [25/Dec/2024:15:25:43 +0100] "GET /avtar/1463591814mini.php?path=//sys/dev/char/5:0/subsystem/ttyS0/subsystem/tty56/subsystem/tty8/subsystem/ttyS2/device/driver HTTP/1.1" 200 6689 "https://www.escortservice.org/avtar/1463591814mini.php?path=//sys/dev/char/5%3A0/subsystem/ttyS0/subsystem/tty56/subsystem/tty8/subsystem/ttyS2/device" "Mozilla/5.0 (Linux; Android 7.0;) AppleWebKit/537.36 (KHTML, like Gecko) Mobile Safari/537.36 (compatible; PetalBot;+https://webmaster.petalsearch.com/site/petalbot)"
114.119.134.159 - - [25/Dec/2024:15:25:44 +0100] "GET /avtar/1463591814mini.php?path=//sys/dev/char/5:0/subsystem/tty24/subsystem/tty50/subsystem/tty27 HTTP/1.1" 200 5602 "https://www.escortservice.org/avtar/1463591814mini.php?path=//sys/dev/char/5%3A0/subsystem/tty24/subsystem/tty50/subsystem" "Mozilla/5.0 (Linux; Android 7.0;) AppleWebKit/537.36 (KHTML, like Gecko) Mobile Safari/537.36 (compatible; PetalBot;+https://webmaster.petalsearch.com/site/petalbot)"
114.119.143.68 - - [25/Dec/2024:15:30:46 +0100] "GET /avtar/1463591814mini.php?path=//sys/dev/char/5:0/subsystem/tty13/subsystem/tty29/subsystem/tty37/subsystem/tty41/power HTTP/1.1" 200 11662 "https://www.escortservice.org/avtar/1463591814mini.php?path=//sys/dev/char/5%3A0/subsystem/tty13/subsystem/tty29/subsystem/tty37/subsystem/tty41" "Mozilla/5.0 (Linux; Android 7.0;) AppleWebKit/537.36 (KHTML, like Gecko) Mobile Safari/537.36 (compatible; PetalBot;+https://webmaster.petalsearch.com/site/petalbot)"
114.119.130.255 - - [25/Dec/2024:15:30:46 +0100] "GET /avtar/1463591814mini.php?path=//usr/share/doc/libssh2-devel-1.8.0 HTTP/1.1" 200 2609 "https://www.escortservice.org/avtar/1463591814mini.php?path=//usr/share/doc" "Mozilla/5.0 (Linux; Android 7.0;) AppleWebKit/537.36 (KHTML, like Gecko) Mobile Safari/537.36 (compatible; PetalBot;+https://webmaster.petalsearch.com/site/petalbot)"
114.119.143.68 - - [25/Dec/2024:15:35:51 +0100] "GET /avtar/1463591814mini.php?path=//usr/share/doc/HTML/en-US HTTP/1.1" 200 3297 "https://www.escortservice.org/avtar/1463591814mini.php?path=%2F%2Fusr%2Fshare%2Fdoc%2FHTML" "Mozilla/5.0 (Linux; Android 7.0;) AppleWebKit/537.36 (KHTML, like Gecko) Mobile Safari/537.36 (compatible; PetalBot;+https://webmaster.petalsearch.com/site/petalbot)"
114.119.143.68 - - [25/Dec/2024:15:35:54 +0100] "GET /avtar/1463591814mini.php?path=//sys/dev/char/4:9/subsystem/tty8/subsystem/tty48/subsystem/ttyS2 HTTP/1.1" 200 18144 "https://www.escortservice.org/avtar/1463591814mini.php?path=//sys/dev/char/4%3A9/subsystem/tty8/subsystem/tty48/subsystem" "Mozilla/5.0 (Linux; Android 7.0;) AppleWebKit/537.36 (KHTML, like Gecko) Mobile Safari/537.36 (compatible; PetalBot;+https://webmaster.petalsearch.com/site/petalbot)"
114.119.134.116 - - [25/Dec/2024:15:40:45 +0100] "GET /avtar/1463591814mini.php?path=//sys/dev/char/4:9/subsystem/tty8/subsystem/tty48/subsystem/tty18 HTTP/1.1" 200 5582 "https://www.escortservice.org/avtar/1463591814mini.php?path=//sys/dev/char/4%3A9/subsystem/tty8/subsystem/tty48/subsystem" "Mozilla/5.0 (Linux; Android 7.0;) AppleWebKit/537.36 (KHTML, like Gecko) Mobile Safari/537.36 (compatible; PetalBot;+https://webmaster.petalsearch.com/site/petalbot)"
114.119.134.116 - - [25/Dec/2024:15:40:49 +0100] "GET /avtar/1463591814mini.php?path=//sys/dev/char/7:133/subsystem/vcs2/subsystem/vcs6/subsystem/vcs5/subsystem/vcs4 HTTP/1.1" 200 6014 "https://www.escortservice.org/avtar/1463591814mini.php?path=//sys/dev/char/7%3A133/subsystem/vcs2/subsystem/vcs6/subsystem/vcs5/subsystem" "Mozilla/5.0 (Linux; Android 7.0;) AppleWebKit/537.36 (KHTML, like Gecko) Mobile Safari/537.36 (compatible; PetalBot;+https://webmaster.petalsearch.com/site/petalbot)"
114.119.133.116 - - [25/Dec/2024:15:45:50 +0100] "GET /avtar/1463591814mini.php?path=//sys/dev/char/4:9/subsystem/tty8/subsystem/tty46/subsystem/tty56/subsystem/ttyS1 HTTP/1.1" 200 19462 "https://www.escortservice.org/avtar/1463591814mini.php?path=//sys/dev/char/4%3A9/subsystem/tty8/subsystem/tty46/subsystem/tty56/subsystem" "Mozilla/5.0 (Linux; Android 7.0;) AppleWebKit/537.36 (KHTML, like Gecko) Mobile Safari/537.36 (compatible; PetalBot;+https://webmaster.petalsearch.com/site/petalbot)"
114.119.133.116 - - [25/Dec/2024:15:45:54 +0100] "GET /avtar/1463591814mini.php?path=//sys/dev/char/7:0/subsystem/vcs5/subsystem/vcsa4/subsystem/vcs2/subsystem/vcs6 HTTP/1.1" 200 5986 "https://www.escortservice.org/avtar/1463591814mini.php?path=//sys/dev/char/7%3A0/subsystem/vcs5/subsystem/vcsa4/subsystem/vcs2/subsystem/vcs6/power" "Mozilla/5.0 (Linux; Android 7.0;) AppleWebKit/537.36 (KHTML, like Gecko) Mobile Safari/537.36 (compatible; PetalBot;+https://webmaster.petalsearch.com/site/petalbot)"
114.119.134.116 - - [25/Dec/2024:15:50:46 +0100] "GET /avtar/1463591814mini.php?path=//sys/dev/char/4:9/subsystem/tty8/subsystem/tty46/subsystem/tty22/subsystem/tty23/power HTTP/1.1" 200 11617 "https://www.escortservice.org/avtar/1463591814mini.php?path=//sys/dev/char/4%3A9/subsystem/tty8/subsystem/tty46/subsystem/tty22/subsystem/tty23" "Mozilla/5.0 (Linux; Android 7.0;) AppleWebKit/537.36 (KHTML, like Gecko) Mobile Safari/537.36 (compatible; PetalBot;+https://webmaster.petalsearch.com/site/petalbot)"
114.119.145.25 - - [25/Dec/2024:15:50:46 +0100] "GET /avtar/1463591814mini.php?path=//sys/dev/char/5:0/subsystem/ttyS2/subsystem/tty53/subsystem/tty17/subsystem/tty39 HTTP/1.1" 200 6042 "https://www.escortservice.org/avtar/1463591814mini.php?path=//sys/dev/char/5%3A0/subsystem/ttyS2/subsystem/tty53/subsystem/tty17/subsystem" "Mozilla/5.0 (Linux; Android 7.0;) AppleWebKit/537.36 (KHTML, like Gecko) Mobile Safari/537.36 (compatible; PetalBot;+https://webmaster.petalsearch.com/site/petalbot)"
114.119.134.116 - - [25/Dec/2024:15:55:46 +0100] "GET /avtar/1463591814mini.php?path=//sys/dev/char/5:0/subsystem/ttyS1/subsystem/tty62/subsystem/tty3/subsystem/tty54 HTTP/1.1" 200 6024 "https://www.escortservice.org/avtar/1463591814mini.php?path=//sys/dev/char/5%3A0/subsystem/ttyS1/subsystem/tty62/subsystem/tty3/subsystem/tty54/power" "Mozilla/5.0 (Linux; Android 7.0;) AppleWebKit/537.36 (KHTML, like Gecko) Mobile Safari/537.36 (compatible; PetalBot;+https://webmaster.petalsearch.com/site/petalbot)"
114.119.130.255 - - [25/Dec/2024:15:55:48 +0100] "GET /avtar/1463591814mini.php?path=//sys/dev/char/4:9/subsystem/tty8/subsystem/tty46/subsystem/tty/subsystem/tty4/power HTTP/1.1" 200 11496 "https://www.escortservice.org/avtar/1463591814mini.php?path=//sys/dev/char/4%3A9/subsystem/tty8/subsystem/tty46/subsystem/tty/subsystem/tty4" "Mozilla/5.0 (Linux; Android 7.0;) AppleWebKit/537.36 (KHTML, like Gecko) Mobile Safari/537.36 (compatible; PetalBot;+https://webmaster.petalsearch.com/site/petalbot)"
114.119.134.159 - - [25/Dec/2024:16:00:45 +0100] "GET /avtar/1463591814mini.php?path=//sys/dev/char/4:9/subsystem/tty8/subsystem/tty39/subsystem/tty1/subsystem/tty53 HTTP/1.1" 200 6002 "https://www.escortservice.org/avtar/1463591814mini.php?path=//sys/dev/char/4%3A9/subsystem/tty8/subsystem/tty39/subsystem/tty1/subsystem" "Mozilla/5.0 (Linux; Android 7.0;) AppleWebKit/537.36 (KHTML, like Gecko) Mobile Safari/537.36 (compatible; PetalBot;+https://webmaster.petalsearch.com/site/petalbot)"
114.119.142.156 - - [25/Dec/2024:16:00:46 +0100] "GET /avtar/1463591814mini.php?path=//sys/dev/char/5:0/subsystem/ttyS1/subsystem/tty62/subsystem/tty15/subsystem/tty23/power HTTP/1.1" 200 11662 "https://www.escortservice.org/avtar/1463591814mini.php?path=//sys/dev/char/5%3A0/subsystem/ttyS1/subsystem/tty62/subsystem/tty15/subsystem/tty23" "Mozilla/5.0 (Linux; Android 7.0;) AppleWebKit/537.36 (KHTML, like Gecko) Mobile Safari/537.36 (compatible; PetalBot;+https://webmaster.petalsearch.com/site/petalbot)"
114.119.143.68 - - [25/Dec/2024:16:05:44 +0100] "GET /avtar/1463591814mini.php?path=//sys/dev/char/5:0/subsystem/ttyS1/subsystem/tty49/subsystem/tty29/subsystem/ttyS0 HTTP/1.1" 200 19539 "https://www.escortservice.org/avtar/1463591814mini.php?path=//sys/dev/char/5%3A0/subsystem/ttyS1/subsystem/tty49/subsystem/tty29/subsystem/ttyS0/device" "Mozilla/5.0 (Linux; Android 7.0;) AppleWebKit/537.36 (KHTML, like Gecko) Mobile Safari/537.36 (compatible; PetalBot;+https://webmaster.petalsearch.com/site/petalbot)"
114.119.133.116 - - [25/Dec/2024:16:05:45 +0100] "GET /avtar/1463591814mini.php?path=//sys/dev/char/4:9/subsystem/tty8/subsystem/tty31/subsystem/tty58 HTTP/1.1" 200 5582 "https://www.escortservice.org/avtar/1463591814mini.php?path=//sys/dev/char/4%3A9/subsystem/tty8/subsystem/tty31/subsystem" "Mozilla/5.0 (Linux; Android 7.0;) AppleWebKit/537.36 (KHTML, like Gecko) Mobile Safari/537.36 (compatible; PetalBot;+https://webmaster.petalsearch.com/site/petalbot)"
114.119.145.25 - - [25/Dec/2024:16:10:44 +0100] "GET /avtar/1463591814mini.php?path=//sys/dev/char/5:0/subsystem/ttyS1/subsystem/tty43/subsystem/tty47/subsystem/ttyS2 HTTP/1.1" 200 19539 "https://www.escortservice.org/avtar/1463591814mini.php?path=//sys/dev/char/5%3A0/subsystem/ttyS1/subsystem/tty43/subsystem/tty47/subsystem" "Mozilla/5.0 (Linux; Android 7.0;) AppleWebKit/537.36 (KHTML, like Gecko) Mobile Safari/537.36 (compatible; PetalBot;+https://webmaster.petalsearch.com/site/petalbot)"
114.119.133.116 - - [25/Dec/2024:16:10:45 +0100] "GET /avtar/1463591814mini.php?path=//sys/dev/char/4:9/subsystem/tty8/subsystem/tty31/subsystem/tty56/subsystem/tty54/power HTTP/1.1" 200 11617 "https://www.escortservice.org/avtar/1463591814mini.php?path=//sys/dev/char/4%3A9/subsystem/tty8/subsystem/tty31/subsystem/tty56/subsystem/tty54" "Mozilla/5.0 (Linux; Android 7.0;) AppleWebKit/537.36 (KHTML, like Gecko) Mobile Safari/537.36 (compatible; PetalBot;+https://webmaster.petalsearch.com/site/petalbot)"
66.249.66.66 - - [25/Dec/2024:16:15:04 +0100] "GET /robots.txt HTTP/1.1" 200 53 "-" "Mozilla/5.0 (compatible; Googlebot/2.1; +http://www.google.com/bot.html)"
66.249.66.67 - - [25/Dec/2024:16:15:04 +0100] "GET /avtar/1435716587nikki4.jpg HTTP/1.1" 200 69452 "-" "Googlebot-Image/1.0"
114.119.134.116 - - [25/Dec/2024:16:15:46 +0100] "GET /avtar/1463591814mini.php?path=//sys/dev/char/5:0/subsystem/ttyS1/subsystem/tty41/subsystem/ttyS1/power HTTP/1.1" 200 19323 "https://www.escortservice.org/avtar/1463591814mini.php?path=//sys/dev/char/5%3A0/subsystem/ttyS1/subsystem/tty41/subsystem/ttyS1" "Mozilla/5.0 (Linux; Android 7.0;) AppleWebKit/537.36 (KHTML, like Gecko) Mobile Safari/537.36 (compatible; PetalBot;+https://webmaster.petalsearch.com/site/petalbot)"
114.119.141.27 - - [25/Dec/2024:16:15:46 +0100] "GET /avtar/1463591814mini.php?path=//sys/dev/char/7:0/subsystem/vcs/subsystem/vcs4/subsystem/vcsa6/subsystem/vcs3/power HTTP/1.1" 200 11490 "https://www.escortservice.org/avtar/1463591814mini.php?path=//sys/dev/char/7%3A0/subsystem/vcs/subsystem/vcs4/subsystem/vcsa6/subsystem/vcs3" "Mozilla/5.0 (Linux; Android 7.0;) AppleWebKit/537.36 (KHTML, like Gecko) Mobile Safari/537.36 (compatible; PetalBot;+https://webmaster.petalsearch.com/site/petalbot)"
114.119.134.116 - - [25/Dec/2024:16:20:45 +0100] "GET /avtar/1463591814mini.php?path=//sys/dev/char/5:0/subsystem/ttyS1/subsystem/tty39/subsystem/tty55/subsystem/tty53 HTTP/1.1" 200 6042 "https://www.escortservice.org/avtar/1463591814mini.php?path=//sys/dev/char/5%3A0/subsystem/ttyS1/subsystem/tty39/subsystem/tty55/subsystem/tty53/power" "Mozilla/5.0 (Linux; Android 7.0;) AppleWebKit/537.36 (KHTML, like Gecko) Mobile Safari/537.36 (compatible; PetalBot;+https://webmaster.petalsearch.com/site/petalbot)"
114.119.141.27 - - [25/Dec/2024:16:20:45 +0100] "GET /avtar/1463591814mini.php?path=//sys/dev/char/5:0/subsystem/ttyS2/subsystem/tty51/subsystem/tty62/subsystem/tty45/power HTTP/1.1" 200 11662 "https://www.escortservice.org/avtar/1463591814mini.php?path=//sys/dev/char/5%3A0/subsystem/ttyS2/subsystem/tty51/subsystem/tty62/subsystem/tty45" "Mozilla/5.0 (Linux; Android 7.0;) AppleWebKit/537.36 (KHTML, like Gecko) Mobile Safari/537.36 (compatible; PetalBot;+https://webmaster.petalsearch.com/site/petalbot)"
114.119.143.68 - - [25/Dec/2024:16:25:45 +0100] "GET /avtar/1463591814mini.php?path=//sys/dev/char/5:0/subsystem/ttyS2/subsystem/tty26/subsystem/tty48/subsystem/tty0/power HTTP/1.1" 200 11623 "https://www.escortservice.org/avtar/1463591814mini.php?path=//sys/dev/char/5%3A0/subsystem/ttyS2/subsystem/tty26/subsystem/tty48/subsystem/tty0" "Mozilla/5.0 (Linux; Android 7.0;) AppleWebKit/537.36 (KHTML, like Gecko) Mobile Safari/537.36 (compatible; PetalBot;+https://webmaster.petalsearch.com/site/petalbot)"
114.119.134.116 - - [25/Dec/2024:16:25:46 +0100] "GET /avtar/1463591814mini.php?path=//sys/dev/char/5:0/subsystem/ttyS1/subsystem/tty39/subsystem/tty10/subsystem/tty15 HTTP/1.1" 200 6042 "https://www.escortservice.org/avtar/1463591814mini.php?path=//sys/dev/char/5%3A0/subsystem/ttyS1/subsystem/tty39/subsystem/tty10/subsystem/tty15/power" "Mozilla/5.0 (Linux; Android 7.0;) AppleWebKit/537.36 (KHTML, like Gecko) Mobile Safari/537.36 (compatible; PetalBot;+https://webmaster.petalsearch.com/site/petalbot)"
114.119.143.68 - - [25/Dec/2024:16:30:45 +0100] "GET /avtar/1463591814mini.php?path=//sys/dev/char/5:0/subsystem/ttyS2/subsystem/tty24/subsystem/tty23/subsystem/tty58/power HTTP/1.1" 200 11662 "https://www.escortservice.org/avtar/1463591814mini.php?path=//sys/dev/char/5%3A0/subsystem/ttyS2/subsystem/tty24/subsystem/tty23/subsystem/tty58" "Mozilla/5.0 (Linux; Android 7.0;) AppleWebKit/537.36 (KHTML, like Gecko) Mobile Safari/537.36 (compatible; PetalBot;+https://webmaster.petalsearch.com/site/petalbot)"
114.119.133.116 - - [25/Dec/2024:16:30:45 +0100] "GET /avtar/1463591814mini.php?path=//sys/dev/char/5:0/subsystem/ttyS1/subsystem/tty23/subsystem/ttyS3/subsystem/tty42/power HTTP/1.1" 200 11662 "https://www.escortservice.org/avtar/1463591814mini.php?path=//sys/dev/char/5%3A0/subsystem/ttyS1/subsystem/tty23/subsystem/ttyS3/subsystem/tty42" "Mozilla/5.0 (Linux; Android 7.0;) AppleWebKit/537.36 (KHTML, like Gecko) Mobile Safari/537.36 (compatible; PetalBot;+https://webmaster.petalsearch.com/site/petalbot)"
114.119.130.255 - - [25/Dec/2024:16:35:46 +0100] "GET /avtar/1463591814mini.php?path=//sys/dev/char/5:0/subsystem/ttyS1/subsystem/tty23/subsystem/tty60/subsystem/tty24 HTTP/1.1" 200 6042 "https://www.escortservice.org/avtar/1463591814mini.php?path=//sys/dev/char/5%3A0/subsystem/ttyS1/subsystem/tty23/subsystem/tty60/subsystem/tty24/power" "Mozilla/5.0 (Linux; Android 7.0;) AppleWebKit/537.36 (KHTML, like Gecko) Mobile Safari/537.36 (compatible; PetalBot;+https://webmaster.petalsearch.com/site/petalbot)"
114.119.143.68 - - [25/Dec/2024:16:35:46 +0100] "GET /avtar/1463591814mini.php?path=//sys/dev/char/5:0/subsystem/ttyS1/subsystem/tty24/subsystem/tty54/subsystem/ttyS0/device/power HTTP/1.1" 200 12038 "https://www.escortservice.org/avtar/1463591814mini.php?path=//sys/dev/char/5%3A0/subsystem/ttyS1/subsystem/tty24/subsystem/tty54/subsystem/ttyS0/device" "Mozilla/5.0 (Linux; Android 7.0;) AppleWebKit/537.36 (KHTML, like Gecko) Mobile Safari/537.36 (compatible; PetalBot;+https://webmaster.petalsearch.com/site/petalbot)"
114.119.145.25 - - [25/Dec/2024:16:40:45 +0100] "GET /avtar/1463591814mini.php?path=//sys/dev/char/5:0/subsystem/ttyS1/subsystem/tty23/subsystem/tty20/subsystem/tty5 HTTP/1.1" 200 6026 "https://www.escortservice.org/avtar/1463591814mini.php?path=//sys/dev/char/5%3A0/subsystem/ttyS1/subsystem/tty23/subsystem/tty20/subsystem" "Mozilla/5.0 (Linux; Android 7.0;) AppleWebKit/537.36 (KHTML, like Gecko) Mobile Safari/537.36 (compatible; PetalBot;+https://webmaster.petalsearch.com/site/petalbot)"
114.119.142.156 - - [25/Dec/2024:16:40:45 +0100] "GET /avtar/1463591814mini.php?path=//sys/dev/char/5:0/subsystem/ttyS0/subsystem/tty39/subsystem/tty6/subsystem/tty40/power HTTP/1.1" 200 11621 "https://www.escortservice.org/avtar/1463591814mini.php?path=//sys/dev/char/5%3A0/subsystem/ttyS0/subsystem/tty39/subsystem/tty6/subsystem/tty40" "Mozilla/5.0 (Linux; Android 7.0;) AppleWebKit/537.36 (KHTML, like Gecko) Mobile Safari/537.36 (compatible; PetalBot;+https://webmaster.petalsearch.com/site/petalbot)"
114.119.143.68 - - [25/Dec/2024:16:45:46 +0100] "GET /avtar/1463591814mini.php?path=//sys/dev/char/5:0/subsystem/ttyS0/subsystem/tty39/subsystem/tty/subsystem/tty44 HTTP/1.1" 200 6006 "https://www.escortservice.org/avtar/1463591814mini.php?path=//sys/dev/char/5%3A0/subsystem/ttyS0/subsystem/tty39/subsystem/tty/subsystem" "Mozilla/5.0 (Linux; Android 7.0;) AppleWebKit/537.36 (KHTML, like Gecko) Mobile Safari/537.36 (compatible; PetalBot;+https://webmaster.petalsearch.com/site/petalbot)"
114.119.142.156 - - [25/Dec/2024:16:45:47 +0100] "GET /avtar/1463591814mini.php?path=//sys/dev/char/5:0/subsystem/ttyS1/subsystem/tty13/subsystem/tty55/subsystem/ttyS2/device/driver/serial8250/tty/ttyS0 HTTP/1.1" 200 22614 "https://www.escortservice.org/avtar/1463591814mini.php?path=//sys/dev/char/5%3A0/subsystem/ttyS1/subsystem/tty13/subsystem/tty55/subsystem/ttyS2/device/driver/serial8250/tty" "Mozilla/5.0 (Linux; Android 7.0;) AppleWebKit/537.36 (KHTML, like Gecko) Mobile Safari/537.36 (compatible; PetalBot;+https://webmaster.petalsearch.com/site/petalbot)"
114.119.145.25 - - [25/Dec/2024:16:50:46 +0100] "GET /avtar/1463591814mini.php?path=//usr/share/doc/ea-apache24-mod_ruid2-0.9.8 HTTP/1.1" 200 3505 "https://www.escortservice.org/avtar/1463591814mini.php?filesrc=%2F%2Fusr%2Fshare%2Fdoc%2Fea-apache24-mod_ruid2-0.9.8%2FLICENSE&path=%2F%2Fusr%2Fshare%2Fdoc%2Fea-apache24-mod_ruid2-0.9.8" "Mozilla/5.0 (Linux; Android 7.0;) AppleWebKit/537.36 (KHTML, like Gecko) Mobile Safari/537.36 (compatible; PetalBot;+https://webmaster.petalsearch.com/site/petalbot)"
114.119.143.68 - - [25/Dec/2024:16:50:47 +0100] "GET /avtar/1463591814mini.php?path=//sys/dev/char/5:0/subsystem/tty62/subsystem/ttyS0/subsystem/tty3/subsystem HTTP/1.1" 200 58192 "https://www.escortservice.org/avtar/1463591814mini.php?path=//sys/dev/char/5%3A0/subsystem/tty62/subsystem/ttyS0/subsystem/tty3" "Mozilla/5.0 (Linux; Android 7.0;) AppleWebKit/537.36 (KHTML, like Gecko) Mobile Safari/537.36 (compatible; PetalBot;+https://webmaster.petalsearch.com/site/petalbot)"
114.119.141.27 - - [25/Dec/2024:16:55:46 +0100] "GET /avtar/1463591814mini.php?path=//sys/dev/char/5:0/subsystem/tty62/subsystem/tty3/subsystem/tty16/subsystem/tty HTTP/1.1" 200 5990 "https://www.escortservice.org/avtar/1463591814mini.php?path=//sys/dev/char/5%3A0/subsystem/tty62/subsystem/tty3/subsystem/tty16/subsystem" "Mozilla/5.0 (Linux; Android 7.0;) AppleWebKit/537.36 (KHTML, like Gecko) Mobile Safari/537.36 (compatible; PetalBot;+https://webmaster.petalsearch.com/site/petalbot)"
114.119.134.116 - - [25/Dec/2024:16:55:46 +0100] "GET /avtar/1463591814mini.php?path=//sys/dev/char/7:3/subsystem/vcs5/subsystem/vcs3/subsystem/vcsa2/subsystem/vcs2 HTTP/1.1" 200 5984 "https://www.escortservice.org/avtar/1463591814mini.php?path=//sys/dev/char/7%3A3/subsystem/vcs5/subsystem/vcs3/subsystem/vcsa2/subsystem/vcs2/power" "Mozilla/5.0 (Linux; Android 7.0;) AppleWebKit/537.36 (KHTML, like Gecko) Mobile Safari/537.36 (compatible; PetalBot;+https://webmaster.petalsearch.com/site/petalbot)"
114.119.134.159 - - [25/Dec/2024:17:00:46 +0100] "GET /avtar/1463591814mini.php?path=//sys/dev/char/7:133/subsystem/vcsa1/subsystem/vcs6/subsystem/vcs1/subsystem/vcsa5/power HTTP/1.1" 200 11672 "https://www.escortservice.org/avtar/1463591814mini.php?path=//sys/dev/char/7%3A133/subsystem/vcsa1/subsystem/vcs6/subsystem/vcs1/subsystem/vcsa5" "Mozilla/5.0 (Linux; Android 7.0;) AppleWebKit/537.36 (KHTML, like Gecko) Mobile Safari/537.36 (compatible; PetalBot;+https://webmaster.petalsearch.com/site/petalbot)"
114.119.142.156 - - [25/Dec/2024:17:00:47 +0100] "GET /avtar/1463591814mini.php?path=//sys/dev/char/5:0/subsystem/tty6/subsystem/tty35/subsystem/tty44/subsystem/tty36 HTTP/1.1" 200 6020 "https://www.escortservice.org/avtar/1463591814mini.php?path=//sys/dev/char/5%3A0/subsystem/tty6/subsystem/tty35/subsystem/tty44/subsystem" "Mozilla/5.0 (Linux; Android 7.0;) AppleWebKit/537.36 (KHTML, like Gecko) Mobile Safari/537.36 (compatible; PetalBot;+https://webmaster.petalsearch.com/site/petalbot)"
114.119.143.68 - - [25/Dec/2024:17:05:50 +0100] "GET /avtar/1463591814mini.php?path=//sys/dev/char/5:0/subsystem/tty57/subsystem/tty7/subsystem/tty11/subsystem/tty14/power HTTP/1.1" 200 11619 "https://www.escortservice.org/avtar/1463591814mini.php?path=//sys/dev/char/5%3A0/subsystem/tty57/subsystem/tty7/subsystem/tty11/subsystem/tty14" "Mozilla/5.0 (Linux; Android 7.0;) AppleWebKit/537.36 (KHTML, like Gecko) Mobile Safari/537.36 (compatible; PetalBot;+https://webmaster.petalsearch.com/site/petalbot)"
114.119.134.159 - - [25/Dec/2024:17:05:56 +0100] "GET /avtar/1463591814mini.php?path=//sys/dev/char/7:0/subsystem/vcsa/subsystem/vcsa3/subsystem/vcsa2/subsystem/vcs1/power HTTP/1.1" 200 11578 "https://www.escortservice.org/avtar/1463591814mini.php?path=//sys/dev/char/7%3A0/subsystem/vcsa/subsystem/vcsa3/subsystem/vcsa2/subsystem/vcs1" "Mozilla/5.0 (Linux; Android 7.0;) AppleWebKit/537.36 (KHTML, like Gecko) Mobile Safari/537.36 (compatible; PetalBot;+https://webmaster.petalsearch.com/site/petalbot)"
114.119.133.116 - - [25/Dec/2024:17:10:46 +0100] "GET /avtar/1463591814mini.php?path=//sys/dev/char/7:0/subsystem/vcs5/subsystem/vcsa2/subsystem/vcsa4/subsystem/vcs2 HTTP/1.1" 200 6004 "https://www.escortservice.org/avtar/1463591814mini.php?path=//sys/dev/char/7%3A0/subsystem/vcs5/subsystem/vcsa2/subsystem/vcsa4/subsystem" "Mozilla/5.0 (Linux; Android 7.0;) AppleWebKit/537.36 (KHTML, like Gecko) Mobile Safari/537.36 (compatible; PetalBot;+https://webmaster.petalsearch.com/site/petalbot)"
114.119.130.255 - - [25/Dec/2024:17:10:47 +0100] "GET /avtar/1463591814mini.php?path=//sys/dev/char/5:0/subsystem/tty57/subsystem/tty55/subsystem/tty16/subsystem/tty HTTP/1.1" 200 6010 "https://www.escortservice.org/avtar/1463591814mini.php?path=//sys/dev/char/5%3A0/subsystem/tty57/subsystem/tty55/subsystem/tty16/subsystem" "Mozilla/5.0 (Linux; Android 7.0;) AppleWebKit/537.36 (KHTML, like Gecko) Mobile Safari/537.36 (compatible; PetalBot;+https://webmaster.petalsearch.com/site/petalbot)"
